
72
Let m be (-39 - 3)*(-16)/6. Let g = 295 - 267. What is the greatest common divisor of g and m?
28
Let k(v) = 5*v**2 - 189*v - 1268. Let s be k(-7). Calculate the greatest common divisor of s and 3700.
100
Suppose 0 = 4*c - 5*c + 54 + 9. What is the greatest common divisor of c and 18?
9
Let o = 62 + -17. Let d be -1 + 2 + 10 - (-44 - 110). Calculate the greatest common divisor of d and o.
15
Let u be (-28)/8*(-16)/14 + -2. Suppose -2*n = -h - 97, -58 = -2*n - u*h + 24. What is the highest common factor of n and 2?
2
Let f be (-129756)/176*(-4)/3. Let o = f - 803. What is the highest common factor of o and 24?
12
Let v(r) be the second derivative of r**4/2 + 13*r**3/6 - 22*r**2 + 104*r - 1. Let j be v(-16). Calculate the greatest common divisor of j and 12.
12
Suppose 5*s = 33 - 8. Suppose -21 = -l - q, -5*q - 81 = -s*l + 74. Let u = 137 - -71. Calculate the highest common factor of l and u.
26
Let x be (49 - 10)*((-60)/24)/(5/(-2)). What is the greatest common divisor of 1781 and x?
13
Let w(z) = 276*z - 125. Let c be (-1332)/(-468) - 4/(-26). Let p be w(c). Calculate the highest common factor of p and 74.
37
Let m be (114/(-76))/(-1*(-4)/(-280)). What is the highest common factor of m and 3080?
35
Let c(q) = -16*q**2 - 3*q + 96. Let f be c(0). Let k be (-12*2)/((-3)/4). What is the greatest common divisor of k and f?
32
Suppose -2*x = t - 5, 9 = -4*t - 5*x + 26. Suppose -5*h + 717 = t*k, 580 = 4*h + 37*k - 41*k. What is the highest common divisor of 36 and h?
36
Let t be (-230)/(-5)*90/12. What is the greatest common divisor of 165 and t?
15
Suppose 5*n + 71 = 329*l - 326*l, 0 = n + 4. What is the highest common factor of 15793 and l?
17
Let u(m) be the first derivative of -1/4*m**4 - 14/3*m**3 + 15 - 20*m - 27/2*m**2. Let t be u(-12). What is the greatest common factor of 2 and t?
2
Suppose q = -29*a + 27*a + 208, -5*a = 30. What is the highest common divisor of q and 88?
44
Let q(g) be the first derivative of 3*g**4/4 - 2*g**3/3 + 2*g**2 - 3*g + 10. Let x be q(3). Let c = -1 + 13. Calculate the greatest common divisor of c and x.
12
Suppose f - 8 = 9*f. Let k be (-21 + 20)/(f/(-3)). Let m be (3 + k + -2)*-8. What is the highest common divisor of 8 and m?
8
Let t = -29 - -55. Suppose t*v + 1083 = 4411. Calculate the highest common divisor of 192 and v.
64
Let s = -954 + 996. Let i be s - 3*(-2)/2. What is the highest common divisor of 75 and i?
15
Let a be 2 + 13/130*1030. Calculate the highest common divisor of a and 1185.
15
Let y be (-4)/30 + (24/(-45))/(-4). Suppose y = 8*z - 84 - 204. Calculate the greatest common divisor of 96 and z.
12
Suppose -4*y - 3*n = -7937, -y - 337*n + 340*n = -2003. What is the greatest common divisor of 28 and y?
28
Suppose 0 = -16*q + 31*q - 38970. What is the greatest common factor of 24 and q?
6
Let r be -3 - -7 - (-41 + 1). Let a = 68 - 24. Calculate the greatest common divisor of r and a.
44
Let x = 7 - -8. Suppose -x*h + 7*h = -24. Suppose -418 = -4*r - g, 0 = h*r + g + 2*g - 318. Calculate the highest common divisor of 13 and r.
13
Suppose -s + 8145 = 3*t, 32594 = -s + 5*s - 2*t. What is the highest common factor of s and 97?
97
Let g be (-3 - -17)*12/14. Suppose 4*s + 18 = 10*s. Suppose 2*f - 33 = 3*y, s*y - 73 = -5*f + 62. What is the greatest common divisor of g and f?
12
Let m = -10585 + 20862. What is the greatest common divisor of m and 43?
43
Suppose 0 = -3*o - 4*z + 162, o + 5*z + 2 = 67. Calculate the greatest common divisor of o and 20.
10
Suppose -374*a + 11522610 = 325050. What is the highest common divisor of a and 40?
20
Let t(d) = -361*d - 6114. Let y be t(-17). What is the highest common divisor of 16514 and y?
23
Let s = -84 - -78. Let m be ((-2)/s - 2) + 3/(-9). Let x be 15 + -4 + (-2)/m. Calculate the greatest common divisor of x and 24.
12
Suppose 4*i - v = 1497, -v + 1094 = 3*i + 4*v. Let p = 549 - i. Let c(d) = -18*d + 250. Let f be c(13). Calculate the highest common factor of p and f.
16
Suppose -2*b - 21 = -29. Suppose t = 4*t - 4*n - 14, 0 = -5*t - b*n + 2. Let h be 7/1 - (t + -1). Calculate the greatest common factor of h and 6.
6
Let m = 33283 - 27680. What is the greatest common factor of m and 13?
13
Let q = 9509 + -9493. Calculate the highest common divisor of q and 1732.
4
Let t(v) = 28*v**2 - 81 + 17*v**3 + 23*v**3 + 10*v**3 - 43*v - 51*v**3. Let j be t(26). Calculate the greatest common factor of 17 and j.
17
Suppose 0 = 4*o - 6*o + 88. Suppose -3*u + 12 = 0, 8*g - 6*g = u + o. What is the highest common factor of 6 and g?
6
Suppose -25*y + 2699 = -4901. Calculate the greatest common factor of 176 and y.
16
Let z = 4205 - 4177. What is the greatest common factor of 268 and z?
4
Suppose 0 = 4*p - 20, p + 409 = 4*y - 702. Let z(q) = -26*q + 607. Let v be z(23). What is the greatest common factor of v and y?
9
Suppose 0 = 4*a + 22*a + 5636 - 145230. What is the greatest common divisor of 91 and a?
91
Let k be (-2)/(-10) + 1/(5/374). Calculate the highest common divisor of 975 and k.
75
Let w(x) = 149*x + 3162. Let v be w(-20). What is the greatest common divisor of v and 378?
14
Let s(k) = 27*k**2 + 484*k - 32. Let j be s(-18). Suppose 0 = -z - 4, 144 = -0*v + 5*v - z. Calculate the highest common factor of j and v.
4
Suppose -1812510 = -113*l - 602958. What is the highest common factor of 16 and l?
16
Suppose 6 = -8*p + 9*p. Suppose 4*m - p*m + 26 = 0. Let v(q) = q - 9. Let j be v(m). Calculate the greatest common divisor of 12 and j.
4
Let v be (-7)/(-2)*(-14)/(-98)*(-144)/(-24). What is the highest common factor of 309 and v?
3
Let i be -1 + 8/3 - (-12)/(-18). Let k be -1 - 1/i*-2. Suppose -h = 3, -k = o + 2*h - 13. What is the highest common factor of 144 and o?
18
Let t be (9/(-3) - -2)*(-14 - -11). Suppose 0 = -2*u + 2*m + 82, t*m - 7*m - 208 = -5*u. Calculate the greatest common factor of 8 and u.
4
Suppose 365*j - 104244 = 344*j. Calculate the greatest common factor of 204 and j.
68
Let c = 426 + -432. Let h be 74/2 + 0*c/66. Calculate the greatest common factor of h and 37.
37
Let k = 6391 - 4480. What is the highest common divisor of k and 49?
49
Let i = 27 - 24. Let f = 22 + i. Suppose 8 + f = 3*t. What is the highest common divisor of 44 and t?
11
Let v = -386 - -411. Let m be 8*(v/(-10))/(-5). Suppose -4*q + 5 = -3. Calculate the greatest common factor of q and m.
2
Suppose -2*i - 26*i = -6552. What is the highest common factor of i and 4446?
234
Let q = 4 + -4. Let k = 1 - q. Suppose 4*f = 2*s, 806*s = f + 802*s + 35. What is the greatest common factor of k and f?
1
Let i = 12 + -11. Let a = 64 + -59. Suppose 0*h = -4*b + 2*h + 38, -a*b + 42 = 3*h. What is the highest common divisor of b and i?
1
Let n(j) = -8*j + 5. Let d be n(-5). Let h = -224 - -227. Let v be (30/(-12) - -2)/(h/(-54)). Calculate the greatest common divisor of v and d.
9
Let r = 140 + -146. Let z be (-438)/(4/(r/(5 - 2))). Calculate the greatest common divisor of z and 3.
3
Let y be 38/((-15 + 14)/(-6)). Calculate the highest common factor of 300 and y.
12
Let i(o) = 494*o + 1310. Let z be i(3). Calculate the highest common divisor of 8 and z.
8
Let f(d) = 51*d - 915. Let c be f(21). Calculate the greatest common divisor of c and 2418.
78
Suppose 0 = 248*k - 299*k + 2754. What is the greatest common factor of 290 and k?
2
Let l = -8583 - -8632. Calculate the greatest common divisor of 210 and l.
7
Let o be (-5)/(-25)*25*(-9)/((-90)/5044). Calculate the highest common factor of 26 and o.
26
Let w = 21372 + -7622. What is the highest common factor of 220 and w?
110
Let v be (-2 + 10)*1/2. Suppose -v*z - 2*t - 146 = 538, -518 = 3*z + 4*t. Let h be z/(-4)*(-2)/(-5). Calculate the highest common factor of h and 153.
17
Let n(i) = 4*i**2 + 3*i - 4. Let j be n(3). Let h = 88589 - 88261. Calculate the greatest common divisor of h and j.
41
Let k(m) = 150*m - 1174. Let y be k(18). Calculate the greatest common factor of y and 21.
7
Let p(r) = 2*r**2 - 4*r + 2. Let f be p(4). Let h = -16732 + 16746. Calculate the highest common factor of h and f.
2
Let u be ((-1)/((-2)/(-75)))/(258/(-15824)). Let p be 15/(3 - -2)*u/6. Calculate the greatest common factor of p and 46.
46
Suppose 119*m - 29295 = 26*m. Let v be (-1)/5*0 + 63. Calculate the greatest common divisor of m and v.
63
Let s be 77/2*(